 19360 is divided by 772?
60
Calculate the remainder when 142477 is divided by 896.
13
Calculate the remainder when 140441 is divided by 56.
49
Calculate the remainder when 133483 is divided by 314.
33
What is the remainder when 4253 is divided by 38?
35
Calculate the remainder when 21996 is divided by 6816.
1548
Calculate the remainder when 627596 is divided by 1569.
1565
What is the remainder when 25744 is divided by 56?
40
What is the remainder when 828 is divided by 47?
29
Calculate the remainder when 444622 is divided by 15.
7
Calculate the remainder when 148969 is divided by 74474.
21
What is the remainder when 69878 is divided by 517?
83
Calculate the remainder when 21613 is divided by 2.
1
What is the remainder when 12468 is divided by 12449?
19
What is the remainder when 633 is divided by 20?
13
Calculate the remainder when 8882 is divided by 432.
242
What is the remainder when 96315 is divided by 14?
9
Calculate the remainder when 188166 is divided by 62.
58
Calculate the remainder when 1998 is divided by 888.
222
Calculate the remainder when 2794 is divided by 869.
187
What is the remainder when 9649 is divided by 3565?
2519
What is the remainder when 129357 is divided by 8?
5
Calculate the remainder when 82947 is divided by 855.
12
Calculate the remainder when 1412025 is divided by 154.
153
What is the remainder when 61511 is divided by 61511?
0
What is the remainder when 3736 is divided by 78?
70
What is the remainder when 6461 is divided by 2039?
344
Calculate the remainder when 65365 is divided by 1233.
16
Calculate the remainder when 203200 is divided by 639.
637
What is the remainder when 813 is divided by 607?
206
Calculate the remainder when 5565 is divided by 8.
5
Calculate the remainder when 14468 is divided by 24.
20
Calculate the remainder when 30678 is divided by 767.
765
Calculate the remainder when 16155 is divided by 15.
0
What is the remainder when 19992 is divided by 11?
5
What is the remainder when 376534 is divided by 38?
30
What is the remainder when 5220117 is divided by 60?
57
Calculate the remainder when 8765 is divided by 292.
5
Calculate the remainder when 1327 is divided by 193.
169
Calculate the remainder when 1236215 is divided by 127.
124
What is the remainder when 10896 is divided by 341?
325
Calculate the remainder when 51996 is divided by 8664.
12
Calculate the remainder when 278651 is divided by 3.
2
What is the remainder when 3419 is divided by 19?
18
Calculate the remainder when 3723 is divided by 340.
323
Calculate the remainder when 23022 is divided by 3820.
102
What is the remainder when 1171 is divided by 355?
106
What is the remainder when 354 is divided by 247?
107
Calculate the remainder when 8053 is divided by 8030.
23
What is the remainder when 13246758 is divided by 1780?
1778
Calculate the remainder when 6914 is divided by 778.
690
What is the remainder when 26774 is divided by 103?
97
What is the remainder when 192216 is divided by 32034?
12
What is the remainder when 52232 is divided by 134?
106
What is the remainder when 640574 is divided by 84?
74
Calculate the remainder when 488907 is divided by 30.
27
What is the remainder when 2811042 is divided by 15?
12
What is the remainder when 2798667 is divided by 210?
207
What is the remainder when 43657 is divided by 21631?
395
Calculate the remainder when 1642 is divided by 101.
26
What is the remainder when 8205432 is divided by 667?
665
Calculate the remainder when 1776 is divided by 1773.
3
What is the remainder when 6405 is divided by 491?
22
Calculate the remainder when 192506 is divided by 23.
19
Calculate the remainder when 89698 is divided by 209.
37
Calculate the remainder when 1092 is divided by 812.
280
Calculate the remainder when 12273 is divided by 1362.
15
Calculate the remainder when 19804 is divided by 41.
1
Calculate the remainder when 126 is divided by 1.
0
Calculate the remainder when 6428 is divided by 206.
42
What is the remainder when 2630 is divided by 8?
6
Calculate the remainder when 36533 is divided by 11.
2
What is the remainder when 6585 is divided by 6510?
75
What is the remainder when 24587 is divided by 12271?
45
Calculate the remainder when 2212555 is divided by 12.
7
What is the remainder when 55257 is divided by 727?
5
Calculate the remainder when 1709 is divided by 1699.
10
Calculate the remainder when 162567 is divided by 267.
231
Calculate the remainder when 465770 is divided by 161.
158
What is the remainder when 387437 is divided by 242?
237
Calculate the remainder when 16169 is divided by 622.
619
What is the remainder when 8843 is divided by 386?
351
Calculate the remainder when 15706 is divided by 14.
12
Calculate the remainder when 8991 is divided by 257.
253
Calculate the remainder when 49343 is divided by 101.
55
Calculate the remainder when 449 is divided by 416.
33
Calculate the remainder when 10185 is divided by 2397.
597
What is the remainder when 18775 is divided by 1561?
43
Calculate the remainder when 1142 is divided by 364.
50
Calculate the remainder when 3035 is divided by 49.
46
Calculate the remainder when 7785 is divided by 699.
96
What is the remainder when 1202 is divided by 71?
66
What is the remainder when 2062 is divided by 54?
10
What is the remainder when 13818 is divided by 144?
138
What is the remainder when 2608 is divided by 1277?
54
Calculate the remainder when 4803 is divided by 399.
15
Calculate the remainder when 479459 is divided by 406.
379
Calculate the remainder when 1220 is divided by 201.
14
What is the remainder when 31620 is divided by 45?
30
Calculate the remainder when 3942 is divided by 3919.
23
Calculate the remainder when 1982 is divided by 74.
58
Calculate the remainder when 880 is divided by 862.
18
What is the remainder when 50852 is divided by 689?
555
Calculate the remainder when 2179 is divided by 98.
23
Calculate the remainder when 2975 is divided by 359.
103
Calculate the remainder when 5635 is divided by 403.
396
Calculate the remainder when 43516 is divided by 43510.
6
Calculate the remainder when 11137 is divided by 71.
61
What is the remainder when 66487 is divided by 122?
119
What is the remainder when 22436 is divided by 4?
0
Calculate the remainder when 35442 is divided by 43.
10
Calculate the remainder when 3439 is divided by 129.
85
Calculate the remainder when 1145524 is divided by 29.
24
What is the remainder when 169125 is divided by 86?
49
What is the remainder when 587 is divided by 9?
2
What is the remainder when 389605 is divided by 18?
13
Calculate the remainder when 495942 is divided by 22.
18
Calculate the remainder when 17235 is divided by 62.
61
What is the remainder when 22095 is divided by 11039?
17
What is the remainder when 416677 is divided by 40?
37
Calculate the remainder when 21553 is divided by 3.
1
Calculate the remainder when 404708 is divided by 65.
18
Calculate the remainder when 66197 is divided by 744.
725
Calculate the remainder when 4783 is divided by 937.
98
Calculate the remainder when 8981 is divided by 2982.
35
What is the remainder when 640 is divided by 99?
46
Calculate the remainder when 132220 is divided by 275.
220
What is the remainder when 38917 is divided by 903?
88
Calculate the remainder when 578957 is divided by 192978.
23
Calculate the remainder when 2983 is divided by 501.
478
Calculate the remainder when 31381 is divided by 255.
16
Calculate the remainder when 661115 is divided by 37.
36
What is the remainder when 1859799 is divided by 11?
7
Calculate the remainder when 32793 is divided by 6.
3
Calculate the remainder when 443 is divided by 371.
72
Calculate the remainder when 12086 is divided by 370.
246
What is the remainder when 5309 is divided by 5309?
0
What is the remainder when 1717 is divided by 815?
87
What is the remainder when 5544 is divided by 1846?
6
Calculate the remainder when 1811918 is divided by 49.
45
What is the remainder when 3665 is divided by 244?
5
What is the remainder when 230418 is divided by 76801?
15
Calculate the remainder when 9365 is divided by 851.
4
What is the remainder when 85230 is divided by 85207?
23
What is the remainder when 520 is divided by 490?
30
Calculate the remainder when 615666 is divided by 596.
594
What is the remainder when 73069 is 